of 443584?
8
What is the units digit of 253907?
7
What is the thousands digit of 131034?
1
What is the millions digit of 6137526?
6
What is the thousands digit of 106029?
6
What is the units digit of 679477?
7
What is the tens digit of 417102?
0
What is the units digit of 5289?
9
What is the ten thousands digit of 27950876?
5
What is the tens digit of 121924?
2
What is the ten thousands digit of 2299531?
9
What is the ten thousands digit of 1735525?
3
What is the ten thousands digit of 8078677?
7
What is the thousands digit of 93071?
3
What is the hundred thousands digit of 10914322?
9
What is the tens digit of 1603935?
3
What is the thousands digit of 5569157?
9
What is the units digit of 998649?
9
What is the tens digit of 3676603?
0
What is the hundred thousands digit of 193092?
1
What is the millions digit of 7625278?
7
What is the tens digit of 2353127?
2
What is the units digit of 341121?
1
What is the ten thousands digit of 4306101?
0
What is the millions digit of 2839345?
2
What is the tens digit of 277451?
5
What is the hundreds digit of 152067?
0
What is the tens digit of 27698557?
5
What is the tens digit of 24701142?
4
What is the hundred thousands digit of 5935079?
9
What is the thousands digit of 684265?
4
What is the tens digit of 35944?
4
What is the hundreds digit of 106766?
7
What is the tens digit of 17918907?
0
What is the hundreds digit of 4264046?
0
What is the hundreds digit of 677873?
8
What is the tens digit of 6677796?
9
What is the ten thousands digit of 670373?
7
What is the tens digit of 3884720?
2
What is the ten thousands digit of 26164627?
6
What is the units digit of 163560?
0
What is the hundred thousands digit of 240399?
2
What is the millions digit of 1566329?
1
What is the thousands digit of 242589?
2
What is the tens digit of 20782119?
1
What is the thousands digit of 4934704?
4
What is the hundreds digit of 52532?
5
What is the hundreds digit of 505824?
8
What is the thousands digit of 240947?
0
What is the millions digit of 2348463?
2
What is the hundred thousands digit of 3070496?
0
What is the units digit of 5873593?
3
What is the units digit of 4182796?
6
What is the millions digit of 7596963?
7
What is the hundreds digit of 267293?
2
What is the tens digit of 62583?
8
What is the hundreds digit of 258913?
9
What is the units digit of 24224440?
0
What is the thousands digit of 374050?
4
What is the tens digit of 2463956?
5
What is the hundreds digit of 40172?
1
What is the units digit of 3688533?
3
What is the hundreds digit of 666577?
5
What is the tens digit of 2500636?
3
What is the thousands digit of 181995?
1
What is the hundreds digit of 322547?
5
What is the ten thousands digit of 49621?
4
What is the units digit of 149343?
3
What is the ten thousands digit of 133330?
3
What is the thousands digit of 3461179?
1
What is the hundreds digit of 172960?
9
What is the millions digit of 2377267?
2
What is the thousands digit of 1394023?
4
What is the ten thousands digit of 716936?
1
What is the tens digit of 575292?
9
What is the thousands digit of 2054916?
4
What is the ten thousands digit of 295842?
9
What is the hundreds digit of 6762978?
9
What is the tens digit of 385901?
0
What is the millions digit of 4382426?
4
What is the tens digit of 94272?
7
What is the tens digit of 199216?
1
What is the ten thousands digit of 663455?
6
What is the tens digit of 4484133?
3
What is the units digit of 221840?
0
What is the ten thousands digit of 170999?
7
What is the thousands digit of 12066528?
6
What is the thousands digit of 6399108?
9
What is the units digit of 258974?
4
What is the hundreds digit of 5418844?
8
What is the hundreds digit of 22004?
0
What is the hundreds digit of 1719358?
3
What is the thousands digit of 1724730?
4
What is the thousands digit of 1097942?
7
What is the tens digit of 260573?
7
What is the ten thousands digit of 3317001?
1
What is the hundreds digit of 5453758?
7
What is the thousands digit of 1552756?
2
What is the ten thousands digit of 631109?
3
What is the ten thousands digit of 133647?
3
What is the ten thousands digit of 5634371?
3
What is the units digit of 128420?
0
What is the millions digit of 2184850?
2
What is the tens digit of 4681936?
3
What is the units digit of 265922?
2
What is the millions digit of 1739120?
1
What is the ten thousands digit of 1189977?
8
What is the hundred thousands digit of 399483?
3
What is the ten thousands digit of 2171796?
7
What is the thousands digit of 11200790?
0
What is the units digit of 2433794?
4
What is the thousands digit of 1713463?
3
What is the units digit of 132478?
8
What is the hundred thousands digit of 270539?
2
What is the tens digit of 252116?
1
What is the units digit of 314504?
4
What is the ten thousands digit of 853662?
5
What is the ten thousands digit of 7485437?
8
What is the units digit of 135457?
7
What is the hundreds digit of 4310441?
4
What is the units digit of 217125?
5
What is the hundreds digit of 200512?
5
What is the hundred thousands digit of 9248509?
2
What is the thousands digit of 8023234?
3
What is the hundreds digit of 2336153?
1
What is the millions digit of 2982693?
2
What is the tens digit of 69870?
7
What is the thousands digit of 109225?
9
What is the hundreds digit of 654938?
9
What is the hundreds digit of 146162?
1
What is the hundreds digit of 327944?
9
What is the hundred thousands digit of 136434?
1
What is the tens digit of 71285?
8
What is the thousands digit of 272292?
2
What is the millions digit of 2200661?
2
What is the units digit of 63299?
9
What is the hundred thousands digit of 12289701?
2
What is the ten thousands digit of 56526?
5
What is the ten thousands digit of 15221294?
2
What is the hundreds digit of 1268706?
7
What is the tens digit of 665149?
4
What is the units digit of 298719?
9
What is the units digit of 30306?
6
What is the hundred thousands digit of 2017514?
0
What is the hundred thousands digit of 457888?
4
What is the ten thousands digit of 9085894?
8
What is the thousands digit of 3594899?
4
What is the thousands digit of 438790?
8
What is the ten thousands digit of 1494200?
9
What is the thousands digit of 231839?
1
What is the hundreds digit of 3045450?
4
What is the units digit of 444358?
8
What is the units digit of 9602171?
1
What is the thousands digit of 1881645?
1
What is the hundred thousands digit of 128848?
1
What is the units digit of 44798?
8
What is the thousands digit of 8316183?
6
What is the hundreds digit of 14631043?
0
What is the thousands digit of 18275100?
5
What is the tens digit of 4762330?
3
What is the units digit of 3448845?
5
What is the thousands digit of 607400?
7
What is the hundreds digit of 882145?
1
What is the thousands digit of 5995130?
5
What is the hundred thousands digit of 910835?
9
What is the ten thousands digit of 181023?
8
What is the thousands digit of 1513453?
3
What is the hundred thousands digit of 235592?
2
What is the ten thousands digit of 152708?
5
What is the thousands digit of 269602?
9
What is the hundreds digit of 6639361?
3
What is the hundreds digit of 10686609?
6
What is the hundreds digit of 1397536?
5
What is the tens digit of 983707?
0
What is the tens digit of 7407625?
2
What is the thousands digit of 5155392?
5
What is the units digit of 346733?
3
What is the units digit of 2683923?
3
What is the ten millions digit of 20886875?
2
What is the units digit of 13665800?
0
What is the thousands digit of 4569625?
9
What is the units digit of 216882?
2
What is the thousands digit of 2705247?
5
What is the ten thousands digit of 520239?
2
What is the units digit of 18895518?
8
What is the units digit of 97829?
9
What is the units digit of 192636?
6
What is the ten thousands digit of 332581?
3
What is the hundreds digit of 9204879?
8
What is the tens digit of 11484?
8
What is the hundred thousands digit of 7216114?
2
What is the thousands digit of 71515?
1
What is the thousands digit of 291767?
1
What is the ten thousands digit of 151144?
5
What is the thousands digit of 373336?
3
What is the units digit of 35149271?
1
What is the hundreds digit of 857395?
3
What is the tens digit of 13786232?
3
What is the hundreds digit of 179720?
7
What is the millions digit of 1065645?
1
What is the ten th